q be l(3). What is the hundreds digit of (q/(-16))/((-3)/44)?
2
What is the hundreds digit of (-203)/(-1421) - 199792/(-14)?
2
Let c(o) = 7*o**2 + o - 4. Let j(b) = b**2 - 30*b + 56. Let y be j(28). Let m be (-1 - y)*6*(-6)/(-18). What is the units digit of c(m)?
2
Let q be (1/2)/((-33)/6 + 5). What is the tens digit of (-28 + 29)/(((-1)/673)/q)?
7
Let n(q) be the third derivative of 7*q**5/15 - 17*q**3/6 + 54*q**2. What is the units digit of n(6)?
1
Let k(y) = -18*y**2 + 3*y - 30. Let b(x) = -16*x**2 + 3*x - 30. Let s(o) = -5*b(o) + 4*k(o). What is the hundreds digit of s(-5)?
2
Let z be (-1564)/(-23) - 1/1. Let k = -492 - -785. Suppose -3*v = -z - k. What is the hundreds digit of v?
1
Let x be 1/((-5*4/(-38020))/1). Suppose 8771 = 16*f - x. What is the hundreds digit of f?
6
Let v = -659 + 708. Suppose -34503 = -v*o + 18*o. What is the tens digit of o?
1
Suppose -180*b + 1282339 = -327221. What is the thousands digit of b?
8
Let j = -314 - -957. Suppose 4*z - 648 = -2*f, -2*f + j = 8*z - 5*z. What is the units digit of f?
4
Let a = 19127 + -8334. What is the ten thousands digit of a?
1
Suppose 65*l - 58*l = 0. Suppose 4*u - 25 = -3*h - 389, l = -5*u + h - 455. Let b = 127 + u. What is the tens digit of b?
3
Let g be (-2)/(-4)*(-2 - 0)*-1. What is the hundreds digit of 930*(2/4 + (g - 1))?
4
Suppose -32*v - 51*v + 35118 = -65*v. What is the units digit of v?
1
Let d(h) be the first derivative of h**4/4 + h - 3. Let g(y) = -2*y**3 + y - 1. Let s(j) = 11*d(j) + 6*g(j). What is the hundreds digit of s(-5)?
1
Let f = -7678 + 12653. Suppose 25*t + f = 12425. What is the hundreds digit of t?
2
What is the hundreds digit of (-17 - (-522)/36)*4/10*-11706?
7
Suppose 82*s - 80*s = -3*v - 53, -2*s - v = 63. Let g(w) = 4*w**2 + 4*w + 4. Let m be g(5). Let q = m + s. What is the units digit of q?
0
Suppose 369*c = 380*c - 8679. What is the tens digit of c?
8
Let m = -4 + 7. Suppose m*o = 6*o + 18. Let g(f) = 3*f**2 + 4*f + 10. What is the units digit of g(o)?
4
Let w(m) = -m + 9. Let b be w(5). Let t be b/(-20) + 3 + (-1)/(-5). Suppose t*y - 5*c = 4*y - 130, y = 3*c + 154. What is the hundreds digit of y?
1
Let i(k) = 2*k**2 - 3*k + 1. Let a be i(3). Suppose -a*f + 227 = -343. Suppose -2*r - 4*w = -52, 35 = 4*r + 2*w - f. What is the units digit of r?
2
Suppose -19684 = 16*j + 7308. Let r = 3637 + j. What is the hundreds digit of r?
9
Let d = -119 - -119. Suppose d = -15*j - 0*j + 1860. What is the tens digit of j?
2
Suppose 10494 - 3349 = -5*u. Let n = u - -2840. What is the thousands digit of n?
1
Suppose 300 = 5*a + 285. Suppose 0 = -2*u, 4*u - 1296 = -h - a*h. What is the hundreds digit of h?
3
Let r be (410/4)/(38/(-76)). Let f = 285 + r. What is the tens digit of f?
8
Let c(y) = 819*y**3 + 2*y**2 + y - 2. Let v(z) = z**3 - 18*z**2 + 19*z - 33. Let o be v(17). Let u be c(o). Suppose 7*l - u = 2*l. What is the units digit of l?
4
Suppose -129736 = -1058*w + 1050*w. What is the tens digit of w?
1
Suppose 3*c - 6700 = -0*g - 4*g, 2*c - 4464 = -2*g. Let p = -1550 + c. What is the units digit of p?
8
Let o = -46 - -68. Let k = o + -17. What is the units digit of k/(-20) - (-521)/4?
0
Let y be ((2 - 3)*5)/((-25)/30). Suppose 3*p + 322 = 2482. Suppose p = 11*r - y*r. What is the hundreds digit of r?
1
Suppose 90 = -p + 7*p. What is the hundreds digit of 460 + (p/5 - -2)?
4
Suppose 43257 = 3*k - 20880 + 12984. What is the tens digit of k?
5
Suppose 1594674 + 5274489 = 91*k + 368214. What is the thousands digit of k?
1
Let i be 4/14 + 2108/(-28). Let z = i + 125. What is the tens digit of -18*(1 - z/4)?
0
Let o = 84 - 44. Let k = 0 - o. Let t = 68 + k. What is the units digit of t?
8
Let c(u) = -20*u**2 + 3*u + 4. Let r be c(-1). Let t be (r - 3)/((-3)/(-57)). What is the units digit of (-2 + 1 + 4)/((-22)/t)?
7
Suppose -25*p + 10335 + 57440 = 0. What is the hundreds digit of p?
7
What is the thousands digit of (-36825)/10*4/(-5)?
2
Let f = -37 + -27. Let b = f - -122. Suppose -53*l = -b*l + 720. What is the tens digit of l?
4
Let q = 79505 - 3022. What is the hundreds digit of q?
4
Let i be (-1)/(-7) - (-136)/28. Suppose 684 = -2*u + i*u. What is the tens digit of u?
2
Suppose -y + 3*w = -13, 4*y = 4*w - 7*w + 7. Suppose -y*d + 425 - 53 = 0. What is the units digit of d?
3
Let y be 440/(-33)*(-26)/(-8)*9. Let v = 595 + y. What is the hundreds digit of v?
2
Let d(c) = 6*c**2 - 143*c + 3337. What is the tens digit of d(71)?
3
Let u = -1157 - -798. Suppose 6*r - 1460 = -842 + 2652. Let k = u + r. What is the tens digit of k?
8
Let j(b) = 15*b**3 + 100*b**2 - 10*b + 10. What is the units digit of j(-6)?
0
Suppose 5830 + 4164 = 19*n. Let a = n + 658. What is the units digit of a?
4
What is the thousands digit of (-56)/(-21) + (7 - (-1889000)/24)?
8
Let i(v) = 4 - 6 - 5 - 127*v - 308*v. What is the tens digit of i(-2)?
6
Let n(l) = -21*l**3 - 2*l**2 - l + 4. Let x be n(-2). Let m = x - -151. What is the hundreds digit of m?
3
Suppose 5*o + 2*k + 15 = 10*o, 4*o - k = 15. Suppose 4*l - 474 - 2037 = o*c, c = 1. What is the units digit of l?
9
Suppose 6*z = -50 + 80. Suppose 4*s = -z*u + 2099 + 1553, 0 = -s - 2. What is the hundreds digit of u?
7
Suppose -3*s = 4*l + l - 24, -2*s + l + 3 = 0. Suppose 5*n - 50 = -x, -x + s*n = 4*n - 46. What is the units digit of x?
5
Let b = 3252 - 825. What is the units digit of b?
7
Suppose -3*u = k - 17825, 2188 = k - u - 15653. What is the hundreds digit of k?
8
Let s = 18134 + 24504. What is the thousands digit of s?
2
What is the hundreds digit of 1820/195*618/4?
4
Let j(q) = -58*q + 24*q - 110 + 26*q. What is the units digit of j(-20)?
0
What is the hundreds digit of (8/2 + 4)/((-3752)/1878 - -2)?
7
Let g be -3 + 122 - (6/2 - 4). Let n = -47 + g. What is the units digit of n?
3
Let f(s) be the first derivative of -2*s**2 - 29*s - 16. Let h be f(-8). Suppose 0 = 10*n - h*n - 168. What is the units digit of n?
4
Let i(z) = z - 1. Let q(o) = 3*o + 10. Let j(l) = -2*i(l) + q(l). Let v be j(-8). Suppose -v*y = 4, c - 366 = -3*c + 2*y. What is the tens digit of c?
9
Let s(z) = -26*z + 44. Let v(w) = 2*w - 1. Let j(h) = -s(h) + v(h). What is the hundreds digit of j(7)?
1
Suppose -5*b - 3*v = -4535, 3*b - 3*v = 5*b - 1823. Suppose -3*q + b + 43 = -y, -2*q + 4*y + 648 = 0. What is the tens digit of q?
1
Let x(l) = -52*l**3 + 22*l**2 + 137*l + 76. What is the tens digit of x(-5)?
4
Let f = 3056 - 1994. What is the units digit of f?
2
Suppose -4*l + 222 + 494 = -4*m, l + 2*m - 194 = 0. Suppose 6*s = -l + 700. Suppose -7 = -i + j + 34, -2*i = -j - s. What is the units digit of i?
5
Suppose -12*v + 141834 = 28974. What is the hundreds digit of v?
4
Let v = -137 + 134. Let a(h) = -178*h - 61. What is the hundreds digit of a(v)?
4
Let d be 15/10*170/15. Suppose l + 44 = 3*b, -16*b - 13 = -d*b + 2*l. What is the tens digit of b?
1
Let p be 2/6 + 2 + 2/(-6). Suppose -3*u - 237 = -3*y, 5*u = -p*y - 0*y + 144. Let m = 138 - y. What is the units digit of m?
1
What is the hundreds digit of (13853/2 - -2)/((-26)/7020*-27)?
2
Suppose 5*i = -2*k + 2474, -k - 5*i - 316 = -1553. Suppose 2*v + 340 = z, -123 = -4*z + 4*v + k. What is the tens digit of z?
4
Let o = -58 - -58. Suppose o*h - 4*f - 13 = h, 18 = -h - 5*f. Suppose 11*q - h*q + n - 494 = 0, -626 = -5*q + 3*n. What is the units digit of q?
4
What is the thousands digit of 5140/(-14)*(-4 + 20 - 51)?
2
Suppose 6*m - 3*m - 24 = 0. Suppose -6 = m*v - 11*v. Suppose 0 = -3*k - 5*z, -v*z - 6 = -2*k + 10. What is the units digit of k?
5
Let m = 41700 - 20617. What is the tens digit of m?
8
Suppose -3*i - 2*p = -34145, 3*i - 8*i + 4*p + 56879 = 0. What is the thousands digit of i?
1
Let v(q) = 16*q**2 + 43*q + 51. Let y be v(-28). What is the units digit of y/21 + 36/63?
3
Suppose -2*u - 3*f = -58791, 3*u - 43*f + 45*f = 88179. What is the units digit of u?
1
Let d(m) = 5*m**2 - m + 17. Let g(a) = -a**2 + 8*a - 18. Let u be g(5). Let l be -5*1 + (-1 - u) + -2. What is the units digit of d(l)?
7
Let c = 131 - 114. Let m be (c + -19)/(4/(-6)). Suppose 0 = -f - 0*w + w + 150, m*f - 462 = -w. What is the tens digit of f?
5
Let o(s) = s**2 + 6*s + 10. Let d be o(-5). Let b(t) = 15*t + 155. What is the units digit of b(d)?
0
Suppose -i + 3*i = -24. Let t = -12 + i. What is the units digit of t/(-40) - 27/(